{"id":792,"date":"2019-11-13T18:19:50","date_gmt":"2019-11-13T17:19:50","guid":{"rendered":"http:\/\/minerva.mtak.hu\/?page_id=792"},"modified":"2019-11-13T18:19:51","modified_gmt":"2019-11-13T17:19:51","slug":"hova-forduljak-intezmenyek-4","status":"publish","type":"page","link":"https:\/\/minerva.mtak.hu\/?page_id=792","title":{"rendered":"Hov\u00e1 forduljak? \u2013 int\u00e9zm\u00e9nyek"},"content":{"rendered":"\n<h2>Int\u00e9zm\u00e9nyek, szakk\u00f6nyvt\u00e1rak, gy\u0171jtem\u00e9nyek<\/h2>\n<h3>K\u00f6nyvt\u00e1rak<\/h3>\n<p><a href=\"https:\/\/konyvtar.elte.hu\/hu\/konyvtarak\/torteneti-intezet-szekfu-gyula-konyvtara-0\" target=\"_blank\" rel=\"noopener noreferrer\">ELTE BTK T\u00f6rt\u00e9neti Int\u00e9zet Szekf\u0171 Gyula K\u00f6nyvt\u00e1ra<\/a><\/p>\n<p><a href=\"https:\/\/tti.btk.mta.hu\/intezetunk\/konyvtar.html\" target=\"_blank\" rel=\"noopener noreferrer\">MTA BTK T\u00f6rt\u00e9nettudom\u00e1nyi Int\u00e9zet K\u00f6nyvt\u00e1r<\/a><\/p>\n<p><a href=\"http:\/\/www.militaria.hu\/hadtorteneti-intezet-es-muzeum\/hadtorteneti-konyvtar\" target=\"_blank\" rel=\"noopener noreferrer\">HM HIM Hadt\u00f6rt\u00e9neti K\u00f6nyvt\u00e1r<\/a><\/p>\n<p><a href=\"http:\/\/regeszet.elte.hu\/wordpress\/index.php\/online-katalogus\/\" target=\"_blank\" rel=\"noopener noreferrer\">ELTE R\u00e9g\u00e9szettudom\u00e1nyi Int\u00e9zet K\u00f6nyvt\u00e1r<\/a><\/p>\n<h3>Lev\u00e9lt\u00e1rak<\/h3>\n<p><a href=\"http:\/\/mnl.gov.hu\/\" target=\"_blank\" rel=\"noopener noreferrer\">Magyar Nemzeti Lev\u00e9lt\u00e1r (Orsz\u00e1gos Lev\u00e9lt\u00e1r \u00e9s megyei lev\u00e9lt\u00e1rak)<\/a><\/p>\n<p><a href=\"http:\/\/militaria.hu\/adatb\/leveltariuj\/\" target=\"_blank\" rel=\"noopener noreferrer\">HM HIM Hadt\u00f6rt\u00e9nelmi Lev\u00e9lt\u00e1r<\/a><\/p>\n<p><a href=\"http:\/\/www.bparchiv.hu\/\" target=\"_blank\" rel=\"noopener noreferrer\">Budapest F\u0151v\u00e1ros Lev\u00e9lt\u00e1ra<\/a><\/p>\n<p><a href=\"https:\/\/www.abtl.hu\/\" target=\"_blank\" rel=\"noopener noreferrer\">\u00c1llambiztons\u00e1gi Szolg\u00e1latok T\u00f6rt\u00e9neti Lev\u00e9lt\u00e1ra<\/a><b><i><\/i><\/b><\/p>\n<h3>Int\u00e9zetek, tansz\u00e9kek<\/h3>\n<p><a href=\"https:\/\/tti.btk.mta.hu\/\" target=\"_blank\" rel=\"noopener noreferrer\">MTA BTK T\u00f6rt\u00e9nettudom\u00e1nyi Int\u00e9zet<\/a>\u00a0<\/p>\n<p><a href=\"http:\/\/www.tortenelmitarsulat.hu\/\" target=\"_blank\" rel=\"noopener noreferrer\">Magyar T\u00f6rt\u00e9nelmi T\u00e1rsulat<\/a><\/p>\n<p><a href=\"http:\/\/www.militaria.hu\/hadtorteneti-intezet-es-muzeum\" target=\"_blank\" rel=\"noopener noreferrer\">Hadt\u00f6rt\u00e9neti Int\u00e9zet \u00e9s M\u00fazeum<\/a><\/p>\n<p><a href=\"https:\/\/www.btk.elte.hu\/szervezetek\/61\/torteneti-intezet\" target=\"_blank\" rel=\"noopener noreferrer\">ELTE BTK T\u00f6rt\u00e9neti Int\u00e9zet<\/a><\/p>\n<p><a href=\"https:\/\/btk.ppke.hu\/karunkrol\/intezetek-tanszekek\/tortenettudomanyi-intezet\" target=\"_blank\" rel=\"noopener noreferrer\">PPKE T\u00f6rt\u00e9nettudom\u00e1nyi Int\u00e9zet<\/a><\/p>\n<p><a href=\"http:\/\/www.kre.hu\/btk\/index.php\/2015-10-20-11-09-16\/2015-10-20-11-15-36\/tortenettudomanyi-intezet.html\" target=\"_blank\" rel=\"noopener noreferrer\">KRE B\u00f6lcs\u00e9szet- \u00e9s T\u00e1rsadalomtudom\u00e1nyi Kar T\u00f6rt\u00e9nettudom\u00e1nyi Int\u00e9zet<\/a><\/p>\n<p><a href=\"http:\/\/www.arts.u-szeged.hu\/histc\" target=\"_blank\" rel=\"noopener noreferrer\">SZTE BTK T\u00f6rt\u00e9neti Int\u00e9zet<\/a><\/p>\n<p><a href=\"https:\/\/tortenelem.unideb.hu\/\" target=\"_blank\" rel=\"noopener noreferrer\">DE B\u00f6lcs\u00e9szettudom\u00e1nyi Kar T\u00f6rt\u00e9nelmi Int\u00e9zet<\/a><\/p>\n<p><a href=\"https:\/\/btk.pte.hu\/szervezeti_egysegek\/tortenettudomanyi_intezet\" target=\"_blank\" rel=\"noopener noreferrer\">PTE BTK T\u00f6rt\u00e9nettudom\u00e1nyi Int\u00e9zet<\/a><\/p>\n<p><a href=\"http:\/\/tortenelemszak.uni-miskolc.hu\/\" target=\"_blank\" rel=\"noopener noreferrer\">Miskolci Egyetem T\u00f6rt\u00e9nettudom\u00e1nyi Int\u00e9zet<\/a><\/p>\n<p><a href=\"http:\/\/tortenelem.uni-eger.hu\/\" target=\"_blank\" rel=\"noopener noreferrer\">Eszterh\u00e1zy K\u00e1roly Egyetem T\u00f6rt\u00e9nelemtudom\u00e1nyi Int\u00e9zet\u00a0<\/a><\/p>\n<p><a href=\"https:\/\/www.clioinstitute.hu\/\" target=\"_blank\" rel=\"noopener noreferrer\">Clio Int\u00e9zet<\/a><\/p>\n<p><a href=\"https:\/\/avicenna-kkki.hu\/\" target=\"_blank\" rel=\"noopener noreferrer\">Avicenna K\u00f6zel-Kelet Kutat\u00e1sok Int\u00e9zete<\/a><\/p>\n<p><a href=\"http:\/\/www.veritasintezet.hu\/hu\/\" target=\"_blank\" rel=\"noopener noreferrer\">Veritas T\u00f6rt\u00e9netkutat\u00f3 Int\u00e9zet<\/a><\/p>\n<p><a href=\"http:\/\/polhist.hu\/\" target=\"_blank\" rel=\"noopener noreferrer\">Politikat\u00f6rt\u00e9neti Int\u00e9zet<\/a><\/p>\n<p><a href=\"http:\/\/regeszet.elte.hu\/\" target=\"_blank\" rel=\"noopener noreferrer\">ELTE R\u00e9g\u00e9szettudom\u00e1nyi Int\u00e9zet<\/a><\/p>\n<p><a href=\"https:\/\/ri.btk.mta.hu\/hu\/\" target=\"_blank\" rel=\"noopener noreferrer\">MTA BTK R\u00e9g\u00e9szeti Int\u00e9zet<\/a><\/p>\n<p><a href=\"http:\/\/regeszet.u-szeged.hu\/\" target=\"_blank\" rel=\"noopener noreferrer\">SZTE BTK R\u00e9g\u00e9szeti Tansz\u00e9k<\/a><\/p>\n<p><a href=\"http:\/\/regeszet.org.hu\/\" target=\"_blank\" rel=\"noopener noreferrer\">Magyar R\u00e9g\u00e9sz Sz\u00f6vets\u00e9g<\/a><\/p>\n","protected":false},"excerpt":{"rendered":"<p>Int\u00e9zm\u00e9nyek, szakk\u00f6nyvt\u00e1rak, gy\u0171jtem\u00e9nyek K\u00f6nyvt\u00e1rak ELTE BTK T\u00f6rt\u00e9neti Int\u00e9zet Szekf\u0171 Gyula K\u00f6nyvt\u00e1ra MTA BTK T\u00f6rt\u00e9nettudom\u00e1nyi Int\u00e9zet K\u00f6nyvt\u00e1r HM HIM Hadt\u00f6rt\u00e9neti K\u00f6nyvt\u00e1r&#8230;<\/p>\n","protected":false},"author":2,"featured_media":0,"parent":0,"menu_order":0,"comment_status":"closed","ping_status":"closed","template":"","meta":{"footnotes":""},"aioseo_notices":[],"jetpack_sharing_enabled":true,"jetpack_shortlink":"https:\/\/wp.me\/Pb70B2-cM","_links":{"self":[{"href":"https:\/\/minerva.mtak.hu\/index.php?rest_route=\/wp\/v2\/pages\/792"}],"collection":[{"href":"https:\/\/minerva.mtak.hu\/index.php?rest_route=\/wp\/v2\/pages"}],"about":[{"href":"https:\/\/minerva.mtak.hu\/index.php?rest_route=\/wp\/v2\/types\/page"}],"author":[{"embeddable":true,"href":"https:\/\/minerva.mtak.hu\/index.php?rest_route=\/wp\/v2\/users\/2"}],"replies":[{"embeddable":true,"href":"https:\/\/minerva.mtak.hu\/index.php?rest_route=%2Fwp%2Fv2%2Fcomments&post=792"}],"version-history":[{"count":1,"href":"https:\/\/minerva.mtak.hu\/index.php?rest_route=\/wp\/v2\/pages\/792\/revisions"}],"predecessor-version":[{"id":793,"href":"https:\/\/minerva.mtak.hu\/index.php?rest_route=\/wp\/v2\/pages\/792\/revisions\/793"}],"wp:attachment":[{"href":"https:\/\/minerva.mtak.hu\/index.php?rest_route=%2Fwp%2Fv2%2Fmedia&parent=792"}],"curies":[{"name":"wp","href":"https:\/\/api.w.org\/{rel}","templated":true}]}}