{"id":513,"date":"2018-10-01T14:17:09","date_gmt":"2018-10-01T12:17:09","guid":{"rendered":"http:\/\/minerva.mtak.hu\/?page_id=513"},"modified":"2018-10-01T14:17:09","modified_gmt":"2018-10-01T12:17:09","slug":"adatkezelesi-tajekoztatok","status":"publish","type":"page","link":"https:\/\/minerva.mtak.hu\/?page_id=513","title":{"rendered":"ADATKEZEL\u00c9SI T\u00c1J\u00c9KOZTAT\u00d3K\u00a0"},"content":{"rendered":"<p style=\"text-align: justify;\">Az Adatkezel\u0151 kiemelt jelent\u0151s\u00e9get tulajdon\u00edt a k\u00f6nyvt\u00e1rhaszn\u00e1l\u00f3kt\u00f3l, illetve a fent nevezett honlap l\u00e1togat\u00f3it\u00f3l sz\u00e1rmaz\u00f3 szem\u00e9lyes adatok v\u00e9delm\u00e9nek; minden k\u00f6r\u00fclm\u00e9ny k\u00f6z\u00f6tt biztos\u00edtani k\u00edv\u00e1nja a k\u00f6nyvt\u00e1rhaszn\u00e1l\u00f3k \u00e9s a honlapl\u00e1togat\u00f3k inform\u00e1ci\u00f3s \u00f6nrendelkez\u00e9si jog\u00e1t, \u00e9s mindent megtesz a biztons\u00e1gos internetez\u00e9si lehet\u0151s\u00e9gek megteremt\u00e9s\u00e9\u00e9rt. E c\u00e9l el\u00e9r\u00e9se \u00e9rdek\u00e9ben az Adatkezel\u0151 a legmesszebb men\u0151kig eleget tesz az\u00a0<em>Eur\u00f3pai Parlament \u00e9s a Tan\u00e1cs (2016. \u00e1prilis 27.) 2016\/679\/EU rendelet a term\u00e9szetes szem\u00e9lyeknek a szem\u00e9lyes adatok kezel\u00e9se tekintet\u00e9ben t\u00f6rt\u00e9n\u0151 v\u00e9delm\u00e9r\u0151l \u00e9s az ilyen adatok szabad \u00e1raml\u00e1s\u00e1r\u00f3l<\/em>\u00a0(a tov\u00e1bbiakban Rendelet), valamint a\u00a0<em>2011. \u00e9vi CXII. t\u00f6rv\u00e9ny az inform\u00e1ci\u00f3s \u00f6nrendelkez\u00e9si jogr\u00f3l \u00e9s az inform\u00e1ci\u00f3szabads\u00e1gr\u00f3l<\/em>\u00a0(a tov\u00e1bbiakban Infotv.) sz\u00f3l\u00f3 jogszab\u00e1lyok el\u0151\u00edr\u00e1sainak.<\/p>\n<p>Az Adatkezel\u0151 a szem\u00e9lyes adatokat bizalmasan, a hat\u00e1lyos jogszab\u00e1lyoknak megfelel\u0151en kezeli, gondoskodik azok integrit\u00e1s\u00e1r\u00f3l \u00e9s biztons\u00e1g\u00e1r\u00f3l, megteszi a sz\u00fcks\u00e9ges technikai \u00e9s szervez\u00e9si int\u00e9zked\u00e9seket, valamint kialak\u00edtja a c\u00e9lok el\u00e9r\u00e9s\u00e9hez sz\u00fcks\u00e9ges elj\u00e1r\u00e1si szab\u00e1lyokat.<\/p>\n<p><a class=\"textlink\" href=\"https:\/\/konyvtar.mta.hu\/download\/dokumentumok\/Adatkezelesi_tajekoztato.pdf\" target=\"_blank\" rel=\"noopener\">Adatkezel\u00e9si t\u00e1j\u00e9koztat\u00f3 (pdf, 437 KB) \u00bb<\/a><\/p>\n<p><a class=\"textlink\" href=\"https:\/\/konyvtar.mta.hu\/download\/dokumentumok\/kamera_tajekoztato.pdf\" target=\"_blank\" rel=\"noopener\">Kamerahaszn\u00e1lati t\u00e1j\u00e9koztat\u00f3 (pdf, 231 KB) \u00bb<\/a><\/p>\n<p><a class=\"textlink\" href=\"https:\/\/konyvtar.mta.hu\/download\/dokumentumok\/sutikezeles.pdf\" target=\"_blank\" rel=\"noopener\">S\u00fctikezel\u00e9si t\u00e1j\u00e9koztat\u00f3 (pdf, 385 KB) \u00bb<\/a><\/p>\n","protected":false},"excerpt":{"rendered":"<p>Az Adatkezel\u0151 kiemelt jelent\u0151s\u00e9get tulajdon\u00edt a k\u00f6nyvt\u00e1rhaszn\u00e1l\u00f3kt\u00f3l, illetve a fent nevezett honlap l\u00e1togat\u00f3it\u00f3l sz\u00e1rmaz\u00f3 szem\u00e9lyes adatok v\u00e9delm\u00e9nek; minden k\u00f6r\u00fclm\u00e9ny k\u00f6z\u00f6tt&#8230;<\/p>\n","protected":false},"author":2,"featured_media":0,"parent":0,"menu_order":0,"comment_status":"closed","ping_status":"closed","template":"","meta":{"footnotes":""},"aioseo_notices":[],"jetpack_sharing_enabled":true,"jetpack_shortlink":"https:\/\/wp.me\/Pb70B2-8h","_links":{"self":[{"href":"https:\/\/minerva.mtak.hu\/index.php?rest_route=\/wp\/v2\/pages\/513"}],"collection":[{"href":"https:\/\/minerva.mtak.hu\/index.php?rest_route=\/wp\/v2\/pages"}],"about":[{"href":"https:\/\/minerva.mtak.hu\/index.php?rest_route=\/wp\/v2\/types\/page"}],"author":[{"embeddable":true,"href":"https:\/\/minerva.mtak.hu\/index.php?rest_route=\/wp\/v2\/users\/2"}],"replies":[{"embeddable":true,"href":"https:\/\/minerva.mtak.hu\/index.php?rest_route=%2Fwp%2Fv2%2Fcomments&post=513"}],"version-history":[{"count":1,"href":"https:\/\/minerva.mtak.hu\/index.php?rest_route=\/wp\/v2\/pages\/513\/revisions"}],"predecessor-version":[{"id":514,"href":"https:\/\/minerva.mtak.hu\/index.php?rest_route=\/wp\/v2\/pages\/513\/revisions\/514"}],"wp:attachment":[{"href":"https:\/\/minerva.mtak.hu\/index.php?rest_route=%2Fwp%2Fv2%2Fmedia&parent=513"}],"curies":[{"name":"wp","href":"https:\/\/api.w.org\/{rel}","templated":true}]}}