{"id":477,"date":"2018-10-01T13:22:40","date_gmt":"2018-10-01T11:22:40","guid":{"rendered":"http:\/\/minerva.mtak.hu\/?page_id=477"},"modified":"2018-10-01T13:22:40","modified_gmt":"2018-10-01T11:22:40","slug":"tudomanyos-linkgyujtemeny-termeszettudomanyok","status":"publish","type":"page","link":"https:\/\/minerva.mtak.hu\/?page_id=477","title":{"rendered":"Tudom\u00e1nyos linkgy\u0171jtem\u00e9ny &#8211; term\u00e9szettudom\u00e1nyok"},"content":{"rendered":"<h2 id=\"top\" style=\"text-align: justify;\"><strong><em>\u00d6tletad\u00f3 oldalak a tudom\u00e1nyok vil\u00e1g\u00e1b\u00f3l<br \/>\n&#8211; szabad, szubjekt\u00edv v\u00e1logat\u00e1ssal<\/em><\/strong><\/h2>\n<hr \/>\n<p><strong>Term\u00e9szettudom\u00e1ny \u00e1ltal\u00e1ban<\/strong><\/p>\n<ul>\n<li><a href=\"http:\/\/arxiv.org\/\" target=\"_blank\" rel=\"noopener\">arXiv.org<\/a><\/li>\n<li><a href=\"http:\/\/www.eoearth.org\/\" target=\"_blank\" rel=\"noopener\">The Encyclopedia of the Earth<\/a><\/li>\n<li><a href=\"http:\/\/tudtor.kfki.hu\/\" target=\"_blank\" rel=\"noopener\">Magyar term\u00e9szettudom\u00e1nyi \u00e9s tudom\u00e1nyt\u00f6rt\u00e9neti dokumentumok<\/a><\/li>\n<li><a href=\"http:\/\/www.kfki.hu\/chemonet\/hun\/teazo\/nobel\/nobeldij.html\" target=\"_blank\" rel=\"noopener\">Nobel-d\u00edj \u00e9s magyar Nobel-d\u00edjasok<\/a><\/li>\n<li><a href=\"http:\/\/mek.oszk.hu\/html\/vgi\/kereses\/keresesuj.phtml?tip=temak&amp;fotema=termesz\" target=\"_blank\" rel=\"noopener\">Online irodalom a MEK-ben<\/a><\/li>\n<\/ul>\n<p><strong>K\u00f6rnyezetv\u00e9delem<\/strong><\/p>\n<ul>\n<li><a href=\"http:\/\/www.dtsc.ca.gov\/InformationResources\/Glossary_of_Environmental_Terms.cfm\" target=\"_blank\" rel=\"noopener\">Glossary of Environmental Terms<\/a><\/li>\n<li><a href=\"http:\/\/www.greenpeace.org\/international\/en\/\" target=\"_blank\" rel=\"noopener\">Greenpeace International<\/a><\/li>\n<li><a href=\"http:\/\/www.epa.gov\/OCEPAterms\/\" target=\"_blank\" rel=\"noopener\">Terms of Environment<\/a><\/li>\n<li><a href=\"http:\/\/www.terra.hu\/\" target=\"_blank\" rel=\"noopener\">TERRA Alap\u00edtv\u00e1ny<\/a><\/li>\n<li><a href=\"http:\/\/www.wri.org\/\" target=\"_blank\" rel=\"noopener\">World Resources Institute<\/a><\/li>\n<li><a href=\"http:\/\/wwf.panda.org\/\" target=\"_blank\" rel=\"noopener\">WWF International<\/a>\u00a0<em>(World Wildlife Fund)<\/em><\/li>\n<li><a href=\"http:\/\/www.wwf.hu\/\" target=\"_blank\" rel=\"noopener\">WWF Magyarorsz\u00e1g<\/a><\/li>\n<\/ul>\n<p><strong>Matematika<\/strong><\/p>\n<ul>\n<li><a href=\"http:\/\/www.emis.de\/MATH\/JFM\/\" target=\"_blank\" rel=\"noopener\">Electronic Research Archive for Mathematics<\/a><\/li>\n<li><a href=\"http:\/\/matek.fazekas.hu\/\" target=\"_blank\" rel=\"noopener\">Matek Port\u00e1l<\/a><\/li>\n<li><a href=\"http:\/\/www.khake.com\/page47.html\" target=\"_blank\" rel=\"noopener\">Math Resources \u2013 Tutorials, Formulas, Calculators, Directories<\/a><\/li>\n<li><a href=\"http:\/\/www.math-atlas.org\/\" target=\"_blank\" rel=\"noopener\">The Mathematical Atlas<\/a><\/li>\n<li><a href=\"http:\/\/www.mathpages.com\/\" target=\"_blank\" rel=\"noopener\">MathPages<\/a><\/li>\n<li><a href=\"http:\/\/www.sulinet.hu\/tart\/fkat\/Kc\" target=\"_blank\" rel=\"noopener\">Sulinet digit\u00e1lis tananyag<\/a><\/li>\n<li><a href=\"http:\/\/mathworld.wolfram.com\/\" target=\"_blank\" rel=\"noopener\">Wolfram MathWorld<\/a><\/li>\n<\/ul>\n<p><strong>Csillag\u00e1szat, \u0171rkutat\u00e1s<\/strong><\/p>\n<ul>\n<li><a href=\"http:\/\/www.ari.uni-heidelberg.de\/aribib\/\" target=\"_blank\" rel=\"noopener\">ARIBIB<\/a><\/li>\n<li><a href=\"http:\/\/www.stsci.edu\/resources\/\" target=\"_blank\" rel=\"noopener\">Astronomy Resources from STScI<\/a><\/li>\n<li><a href=\"http:\/\/cdsweb.u-strasbg.fr\/CDS.html\" target=\"_blank\" rel=\"noopener\">Centre de Donn\u00e9es astronomiques de Strasbourg<\/a><\/li>\n<li><a href=\"http:\/\/mek.oszk.hu\/02900\/02909\/02909.htm\" target=\"_blank\" rel=\"noopener\">Csillag\u00e1szati f\u00f6ldrajzi fogalomt\u00e1r<\/a><\/li>\n<li><a href=\"http:\/\/kerikata.hu\/csimabi\/cs-onlin.htm\" target=\"_blank\" rel=\"noopener\">A csillag\u00e1szat magyar nyelv\u0171 bibliogr\u00e1fi\u00e1ja<\/a><\/li>\n<li><a href=\"http:\/\/hubblesite.org\/\" target=\"_blank\" rel=\"noopener\">Hubble site<\/a><\/li>\n<li><a href=\"http:\/\/hirek.csillagaszat.hu\/index.php\" target=\"_blank\" rel=\"noopener\">A Magyar Csillag\u00e1szati Egyes\u00fclet h\u00edrport\u00e1lja<\/a><\/li>\n<li><a href=\"http:\/\/www.konkoly.hu\/index_hun.shtml\" target=\"_blank\" rel=\"noopener\">MTA Csillag\u00e1szati \u00e9s F\u00f6ldtudom\u00e1nyi Kutat\u00f3k\u00f6zpont Konkoly Thege Mikl\u00f3s Csillag\u00e1szati Int\u00e9zet<\/a><\/li>\n<li><a href=\"http:\/\/www.nasa.gov\/\" target=\"_blank\" rel=\"noopener\">NASA<\/a><\/li>\n<li><a href=\"http:\/\/adswww.harvard.edu\/\" target=\"_blank\" rel=\"noopener\">The SAO\/NASA Astrophysics Data System<\/a><\/li>\n<li><a href=\"http:\/\/www.solarviews.com\/\" target=\"_blank\" rel=\"noopener\">Views of the Solar System<\/a><\/li>\n<\/ul>\n<p><strong>Fizika<\/strong><\/p>\n<ul>\n<li><a href=\"http:\/\/www.fizkapu.hu\/fizfoto\/foto.html\" target=\"_blank\" rel=\"noopener\">FizFot\u00f3<\/a>\u00a0\u2013 Az oktat\u00e1sban felhaszn\u00e1lhat\u00f3, fizika t\u00e1rgy\u00fa fot\u00f3k gy\u0171jtem\u00e9nye<\/li>\n<li><a href=\"http:\/\/kiserletek.versenyvizsga.hu\/\" target=\"_blank\" rel=\"noopener\">Fizikai k\u00eds\u00e9rletek gy\u0171jtem\u00e9nye<\/a><\/li>\n<li><a href=\"http:\/\/www.fizkapu.hu\/fizrajz\/rajz.html\" target=\"_blank\" rel=\"noopener\">FizRajz\u00a0<\/a>\u2013 A fizika tan\u00edt\u00e1s\u00e1hoz\/tanul\u00e1s\u00e1hoz haszn\u00e1lhat\u00f3 rajzok gy\u0171jtem\u00e9nye<\/li>\n<li><a href=\"http:\/\/www.mfa.kfki.hu\/hu\" target=\"_blank\" rel=\"noopener\">Term\u00e9szettudom\u00e1nyi Kutat\u00f3k\u00f6zpont M\u0171szaki Fizikai \u00e9s Anyagtudom\u00e1nyi Int\u00e9zet<\/a><\/li>\n<li><a href=\"http:\/\/wwwold.kfki.hu\/physics\/indexhu.html\" target=\"_blank\" rel=\"noopener\">Magyar Fizika Inform\u00e1ci\u00f3s Rendszer (MAFIZ)<\/a><\/li>\n<li><a href=\"http:\/\/www.tankonyvtar.hu\/konyvek\/oxford-typotex-fizikai\/oxford-typotex-fizikai-081029-30\" target=\"_blank\" rel=\"noopener\">Oxford-Typotex Fizikai Kislexikon<\/a><\/li>\n<li><a href=\"http:\/\/www.nist.gov\/pml\/data\/index.cfm\" target=\"_blank\" rel=\"noopener\">Physics Reference Data<\/a><\/li>\n<li><a href=\"http:\/\/physicsworld.com\/\" target=\"_blank\" rel=\"noopener\">PhysicsWorld<\/a><\/li>\n<li><a href=\"http:\/\/www.sulinet.hu\/tart\/fkat\/Kib\" target=\"_blank\" rel=\"noopener\">Sulinet digit\u00e1lis tananyag<\/a><\/li>\n<\/ul>\n<p><strong>K\u00e9mia<\/strong><\/p>\n<ul>\n<li><a href=\"http:\/\/abc-chemistry.org\/\" target=\"_blank\" rel=\"noopener\">ABC Chemistry<\/a>\u00a0<em>(Free full text journals)<\/em><\/li>\n<li><a href=\"http:\/\/pubs.acs.org\/\" target=\"_blank\" rel=\"noopener\">American Chemical Society Publications<\/a><\/li>\n<li><a href=\"http:\/\/www-sul.stanford.edu\/depts\/swain\/beilstein\/bedict1.html\" target=\"_blank\" rel=\"noopener\">Beilstein English-Germanand German \u2013 English Dictionary of Organic Chemistry<\/a><\/li>\n<li><a href=\"http:\/\/www.chemie.fu-berlin.de\/chemistry\/index.html\" target=\"_blank\" rel=\"noopener\">Chemie Index<\/a><\/li>\n<li><a href=\"http:\/\/www.chemweb.com\/\" target=\"_blank\" rel=\"noopener\">ChemWeb<\/a><\/li>\n<li><a href=\"http:\/\/antoine.frostburg.edu\/chem\/senese\/101\/index.shtml\" target=\"_blank\" rel=\"noopener\">General Chemistry Online<\/a><\/li>\n<li><a href=\"http:\/\/www.kfki.hu\/~cheminfo\/hun\/olvaso\/histchem\/index.html\" target=\"_blank\" rel=\"noopener\">K\u00e9miat\u00f6rt\u00e9neti \u00edr\u00e1sok<\/a><\/li>\n<li><a href=\"http:\/\/mek.oszk.hu\/02000\/02060\/html\/index.htm\" target=\"_blank\" rel=\"noopener\">A magyar vegy\u00e9szet arck\u00e9pcsarnoka<\/a><\/li>\n<li><a href=\"http:\/\/www.ttk.mta.hu\/intezetek\/szerves-kemiai-intezet\/\" target=\"_blank\" rel=\"noopener\">MTA Term\u00e9szettudom\u00e1nyi Kutat\u00f3k\u00f6zpont Szerves K\u00e9miai Int\u00e9zet<\/a><\/li>\n<li><a href=\"http:\/\/www.ttk.mta.hu\/intezetek\/anyag-es-kornyezetkemiai-intezet\/\" target=\"_blank\" rel=\"noopener\">MTA Term\u00e9szettudom\u00e1nyi Kutat\u00f3k\u00f6zpont Anyag- \u00e9s K\u00f6rnyezetk\u00e9miai Int\u00e9zet<\/a><\/li>\n<li><a href=\"http:\/\/webbook.nist.gov\/chemistry\/\" target=\"_blank\" rel=\"noopener\">NIST Chemistry WebBook<\/a><\/li>\n<li><a href=\"http:\/\/www.tankonyvtar.hu\/kemia\/oxford-typotex-kemiai-080905-40\" target=\"_blank\" rel=\"noopener\">Oxford-Typotex K\u00e9miai Kislexikon<\/a><\/li>\n<li><a href=\"http:\/\/www.chemicool.com\/\" target=\"_blank\" rel=\"noopener\">Peri\u00f3dusos rendszer<\/a><\/li>\n<li><a href=\"https:\/\/www.reaxys.com\/info\/\" target=\"_blank\" rel=\"noopener\">Reaxys<\/a><\/li>\n<li><a href=\"http:\/\/www.sulinet.hu\/tart\/fkat\/Kid\" target=\"_blank\" rel=\"noopener\">Sulinet digit\u00e1lis tananyag<\/a><\/li>\n<\/ul>\n<p><strong>F\u00f6ldrajz<\/strong><\/p>\n<ul>\n<li><a href=\"http:\/\/mek.oszk.hu\/02900\/02910\/02910.htm\" target=\"_blank\" rel=\"noopener\">F\u00f6ldtani alapfogalmak<\/a><\/li>\n<li><a href=\"http:\/\/mek.oszk.hu\/02900\/02911\/02911.htm\" target=\"_blank\" rel=\"noopener\">Geomorfol\u00f3giai fogalomgy\u0171jtem\u00e9ny<\/a><\/li>\n<li><a href=\"http:\/\/www.mafi.hu\/\" target=\"_blank\" rel=\"noopener\">Magyar \u00c1llami F\u00f6ldtani Int\u00e9zet<\/a><\/li>\n<li><a href=\"http:\/\/lazarus.elte.hu\/~zoltorok\/Discovery\/felfedez.htm\" target=\"_blank\" rel=\"noopener\">Magyar f\u00f6ldrajzi felfedez\u0151k<\/a><\/li>\n<li><a href=\"http:\/\/www.mtafki.hu\/nyitolap.html\" target=\"_blank\" rel=\"noopener\">MTA Csillag\u00e1szati \u00e9s F\u00f6ldtudom\u00e1nyi Kutat\u00f3k\u00f6zpont F\u00f6ldrajztudom\u00e1nyi Int\u00e9zet<\/a><\/li>\n<li><a href=\"http:\/\/www.ggki.hu\/\" target=\"_blank\" rel=\"noopener\">MTA Csillag\u00e1szati \u00e9s F\u00f6ldtudom\u00e1nyi Kutat\u00f3k\u00f6zpont Geod\u00e9ziai \u00e9s Geofizikai Kutat\u00f3int\u00e9zet<\/a><\/li>\n<li><a href=\"http:\/\/www.nationalgeographic.com\/\" target=\"_blank\" rel=\"noopener\">National Geographic<\/a><\/li>\n<li><a href=\"http:\/\/www.ng.hu\/fooldal\" target=\"_blank\" rel=\"noopener\">National Geographic Magyarorsz\u00e1g<\/a><\/li>\n<li><a href=\"http:\/\/www.geographic.org\/\" target=\"_blank\" rel=\"noopener\">Orsz\u00e1gok<\/a><\/li>\n<li><a href=\"http:\/\/mek.oszk.hu\/02900\/02912\/02912.htm\" target=\"_blank\" rel=\"noopener\">Term\u00e9szetf\u00f6ldrajzi fogalmak sz\u00f3t\u00e1ra<\/a><\/li>\n<li><a href=\"http:\/\/www.usgs.gov\/\" target=\"_blank\" rel=\"noopener\">U.S. Geological Survey<\/a><\/li>\n<\/ul>\n<p><strong>Biol\u00f3gia<\/strong><\/p>\n<ul>\n<li><a href=\"http:\/\/animaldiversity.ummz.umich.edu\/site\/about\/overview.html\" target=\"_blank\" rel=\"noopener\">Animal Diversity Web<\/a><\/li>\n<li><a href=\"http:\/\/www.muszeroldal.hu\/assistance\/biokemiai_kislexikon.html\" target=\"_blank\" rel=\"noopener\">Biok\u00e9miai kislexikon<\/a><\/li>\n<li><a href=\"http:\/\/www.coleoptera.org\/p1154.htm\" target=\"_blank\" rel=\"noopener\">Coleoptera \u2013 A Glossary of Entomological Terms<\/a><\/li>\n<li><a href=\"http:\/\/www.informatika.bf.uni-lj.si\/magus.html\" target=\"_blank\" rel=\"noopener\">MAGUS \u2013 Multilingual Animal Glossary<\/a><\/li>\n<li><a href=\"http:\/\/www.mme.hu\/\" target=\"_blank\" rel=\"noopener\">Magyar Mad\u00e1rtani \u00e9s Term\u00e9szetv\u00e9delmi Egyes\u00fclet<\/a><\/li>\n<li><a href=\"http:\/\/www.okologia.mta.hu\/\" target=\"_blank\" rel=\"noopener\">MTA \u00d6kol\u00f3giai Kutat\u00f3k\u00f6zpont \u00d6kol\u00f3giai \u00e9s Botanikai Int\u00e9zet<\/a><\/li>\n<li><a href=\"http:\/\/www.tankonyvtar.hu\/biologia\/oxford-typotex-biologiai-080905-43\" target=\"_blank\" rel=\"noopener\">Oxford-Typotex Biol\u00f3giai kislexikon<\/a><\/li>\n<li><a href=\"http:\/\/www.szbk.u-szeged.hu\/\" target=\"_blank\" rel=\"noopener\">MTA Szegedi Biol\u00f3giai Kutat\u00f3k\u00f6zpont<\/a><\/li>\n<li><a href=\"http:\/\/www.ucmp.berkeley.edu\/glossary\/glossary.html\" target=\"_blank\" rel=\"noopener\">UCMP Glossary of Natural History Terms<\/a><\/li>\n<\/ul>\n<p><a href=\"http:\/\/minerva.mtak.hu\/?p=37#top\">^<\/a><\/p>\n","protected":false},"excerpt":{"rendered":"<p>\u00d6tletad\u00f3 oldalak a tudom\u00e1nyok vil\u00e1g\u00e1b\u00f3l &#8211; szabad, szubjekt\u00edv v\u00e1logat\u00e1ssal Term\u00e9szettudom\u00e1ny \u00e1ltal\u00e1ban arXiv.org The Encyclopedia of the Earth Magyar term\u00e9szettudom\u00e1nyi \u00e9s&#8230;<\/p>\n","protected":false},"author":2,"featured_media":0,"parent":464,"menu_order":0,"comment_status":"closed","ping_status":"closed","template":"","meta":{"footnotes":""},"aioseo_notices":[],"jetpack_sharing_enabled":true,"jetpack_shortlink":"https:\/\/wp.me\/Pb70B2-7H","_links":{"self":[{"href":"https:\/\/minerva.mtak.hu\/index.php?rest_route=\/wp\/v2\/pages\/477"}],"collection":[{"href":"https:\/\/minerva.mtak.hu\/index.php?rest_route=\/wp\/v2\/pages"}],"about":[{"href":"https:\/\/minerva.mtak.hu\/index.php?rest_route=\/wp\/v2\/types\/page"}],"author":[{"embeddable":true,"href":"https:\/\/minerva.mtak.hu\/index.php?rest_route=\/wp\/v2\/users\/2"}],"replies":[{"embeddable":true,"href":"https:\/\/minerva.mtak.hu\/index.php?rest_route=%2Fwp%2Fv2%2Fcomments&post=477"}],"version-history":[{"count":1,"href":"https:\/\/minerva.mtak.hu\/index.php?rest_route=\/wp\/v2\/pages\/477\/revisions"}],"predecessor-version":[{"id":478,"href":"https:\/\/minerva.mtak.hu\/index.php?rest_route=\/wp\/v2\/pages\/477\/revisions\/478"}],"up":[{"embeddable":true,"href":"https:\/\/minerva.mtak.hu\/index.php?rest_route=\/wp\/v2\/pages\/464"}],"wp:attachment":[{"href":"https:\/\/minerva.mtak.hu\/index.php?rest_route=%2Fwp%2Fv2%2Fmedia&parent=477"}],"curies":[{"name":"wp","href":"https:\/\/api.w.org\/{rel}","templated":true}]}}