{"id":454,"date":"2018-10-01T12:49:13","date_gmt":"2018-10-01T10:49:13","guid":{"rendered":"http:\/\/minerva.mtak.hu\/?page_id=454"},"modified":"2020-05-19T17:20:57","modified_gmt":"2020-05-19T15:20:57","slug":"honnan-ne-meritsek","status":"publish","type":"page","link":"https:\/\/minerva.mtak.hu\/?page_id=454","title":{"rendered":"Forr\u00e1skritika &#8211; Honnan (ne) mer\u00edtsek?"},"content":{"rendered":"\n<div style=\"height:20px\" aria-hidden=\"true\" class=\"wp-block-spacer\"><\/div>\n\n\n\n<div class=\"wp-block-image\"><figure class=\"aligncenter size-large\"><a href=\"https:\/\/i0.wp.com\/minerva.mtak.hu\/wp-content\/uploads\/2020\/05\/forraskritika-1.png\" target=\"_blank\" rel=\"noopener noreferrer\"><img loading=\"lazy\" decoding=\"async\" width=\"1587\" height=\"2245\" data-attachment-id=\"1438\" data-permalink=\"https:\/\/minerva.mtak.hu\/?attachment_id=1438\" data-orig-file=\"https:\/\/i0.wp.com\/minerva.mtak.hu\/wp-content\/uploads\/2020\/05\/forraskritika-1.png?fit=1587%2C2245&amp;ssl=1\" data-orig-size=\"1587,2245\" data-comments-opened=\"0\" data-image-meta=\"{&quot;aperture&quot;:&quot;0&quot;,&quot;credit&quot;:&quot;&quot;,&quot;camera&quot;:&quot;&quot;,&quot;caption&quot;:&quot;&quot;,&quot;created_timestamp&quot;:&quot;0&quot;,&quot;copyright&quot;:&quot;&quot;,&quot;focal_length&quot;:&quot;0&quot;,&quot;iso&quot;:&quot;0&quot;,&quot;shutter_speed&quot;:&quot;0&quot;,&quot;title&quot;:&quot;&quot;,&quot;orientation&quot;:&quot;0&quot;}\" data-image-title=\"forraskritika-1\" data-image-description=\"\" data-image-caption=\"\" data-medium-file=\"https:\/\/i0.wp.com\/minerva.mtak.hu\/wp-content\/uploads\/2020\/05\/forraskritika-1.png?fit=212%2C300&amp;ssl=1\" data-large-file=\"https:\/\/i0.wp.com\/minerva.mtak.hu\/wp-content\/uploads\/2020\/05\/forraskritika-1.png?fit=724%2C1024&amp;ssl=1\" src=\"https:\/\/i1.wp.com\/minerva.mtak.hu\/wp-content\/uploads\/2020\/05\/forraskritika-1.png?fit=724%2C1024\" alt=\"\" class=\"wp-image-1438\" srcset=\"https:\/\/i0.wp.com\/minerva.mtak.hu\/wp-content\/uploads\/2020\/05\/forraskritika-1.png?w=1587&amp;ssl=1 1587w, https:\/\/i0.wp.com\/minerva.mtak.hu\/wp-content\/uploads\/2020\/05\/forraskritika-1.png?resize=212%2C300&amp;ssl=1 212w, https:\/\/i0.wp.com\/minerva.mtak.hu\/wp-content\/uploads\/2020\/05\/forraskritika-1.png?resize=724%2C1024&amp;ssl=1 724w, https:\/\/i0.wp.com\/minerva.mtak.hu\/wp-content\/uploads\/2020\/05\/forraskritika-1.png?resize=768%2C1086&amp;ssl=1 768w, https:\/\/i0.wp.com\/minerva.mtak.hu\/wp-content\/uploads\/2020\/05\/forraskritika-1.png?resize=1086%2C1536&amp;ssl=1 1086w, https:\/\/i0.wp.com\/minerva.mtak.hu\/wp-content\/uploads\/2020\/05\/forraskritika-1.png?resize=1448%2C2048&amp;ssl=1 1448w, https:\/\/i0.wp.com\/minerva.mtak.hu\/wp-content\/uploads\/2020\/05\/forraskritika-1.png?resize=1064%2C1505&amp;ssl=1 1064w, https:\/\/i0.wp.com\/minerva.mtak.hu\/wp-content\/uploads\/2020\/05\/forraskritika-1.png?resize=716%2C1013&amp;ssl=1 716w, https:\/\/i0.wp.com\/minerva.mtak.hu\/wp-content\/uploads\/2020\/05\/forraskritika-1.png?resize=480%2C679&amp;ssl=1 480w\" sizes=\"(max-width: 1000px) 100vw, 1000px\" \/><\/a><\/figure><\/div>\n\n\n\n<hr class=\"wp-block-separator\"\/>\n\n\n\n<p class=\"has-normal-font-size\">Arr\u00f3l, hogy milyen szerepet sz\u00e1njunk az internetes forr\u00e1soknak a tudom\u00e1nyos munk\u00e1k, egyetemi dolgozatok elk\u00e9sz\u00edt\u00e9s\u00e9ben, \u00e1ltal\u00e1ban k\u00e9t sz\u00e9ls\u0151s\u00e9ges v\u00e9lem\u00e9nyt ismer\u00fcnk.<\/p>\n\n\n\n<div style=\"height:20px\" aria-hidden=\"true\" class=\"wp-block-spacer\"><\/div>\n\n\n\n<div class=\"wp-block-columns is-layout-flex wp-container-core-columns-layout-1 wp-block-columns-is-layout-flex\">\n<div class=\"wp-block-column is-layout-flow wp-block-column-is-layout-flow\">\n<p class=\"has-text-color has-background has-text-align-left has-normal-font-size has-very-light-gray-color has-vivid-green-cyan-background-color\">Nincs m\u00e1r sz\u00fcks\u00e9g k\u00f6nyvekre, nyomtatott dokumentumokra, hisz minden megtal\u00e1lhat\u00f3 az interneten.&nbsp;<\/p>\n<\/div>\n\n\n\n<div class=\"wp-block-column is-layout-flow wp-block-column-is-layout-flow\">\n<p class=\"has-text-color has-background has-text-align-right has-normal-font-size has-very-light-gray-color has-vivid-cyan-blue-background-color\">Az interneten csupa ellen\u0151rizetlen inform\u00e1ci\u00f3 lelhet\u0151 fel, \u00edgy vesz\u00e9lyes az online forr\u00e1sok be\u00e9p\u00edt\u00e9se a tudom\u00e1nyos munk\u00e1kba.<\/p>\n<\/div>\n<\/div>\n\n\n\n<div class=\"wp-block-group\"><div class=\"wp-block-group__inner-container is-layout-flow wp-block-group-is-layout-flow\">\n<p class=\"has-normal-font-size\">Az igazs\u00e1g, ahogy lenni szokott, a kett\u0151 k\u00f6z\u00f6tt van. Az interneten val\u00f3ban sok az ellen\u0151rizetlen inform\u00e1ci\u00f3, \u00e1m sz\u00e1mos igen n\u00edv\u00f3s nemzetk\u00f6zi foly\u00f3irat teszi itt k\u00f6zz\u00e9 cikkeit, sz\u00e1mos sz\u00ednvonalas kiad\u00f3 publik\u00e1l elektronikus k\u00f6nyveket, rengeteg egyetem, illetve m\u00e1s tudom\u00e1nyos int\u00e9zm\u00e9ny \u00fczemeltet \u00e9rt\u00e9kes, megb\u00edzhat\u00f3 inform\u00e1ci\u00f3kat ny\u00fajt\u00f3 weboldalakat.<\/p>\n\n\n\n<p class=\"has-normal-font-size\">Szemin\u00e1riumi dolgozatainkat, szakdolgozatainkat jelent\u0151sen \u00e9rt\u00e9kesebb\u00e9 tehetik a t\u00f6bbnyire k\u00f6nyvt\u00e1rakban el\u00e9rhet\u0151 el\u0151fizet\u00e9ses adatb\u00e1zisokban tal\u00e1lhat\u00f3 k\u00fclf\u00f6ldi szakcikkek megfelel\u0151en hivatkozott gondolatai, a tudom\u00e1nyos publik\u00e1ci\u00f3knak pedig elengedhetetlen tartoz\u00e9ka az idegen nyelv\u0171 kurrens szakirodalom eredm\u00e9nyeinek be\u00e9p\u00edt\u00e9se.<\/p>\n\n\n\n<p class=\"has-normal-font-size\">Az el\u0151fizet\u00e9ses adatb\u00e1zisok megismer\u00e9s\u00e9ben, haszn\u00e1lat\u00e1ban a k\u00f6nyvt\u00e1rakban a t\u00e1j\u00e9koztat\u00f3 szolg\u00e1lat seg\u00edthet.<\/p>\n\n\n\n<hr class=\"wp-block-separator\"\/>\n\n\n\n<p class=\"has-normal-font-size\"><strong>Fontos alapelvek az internetes forr\u00e1sok felhaszn\u00e1l\u00e1s\u00e1hoz:<\/strong><\/p>\n<\/div><\/div>\n\n\n\n<div style=\"height:20px\" aria-hidden=\"true\" class=\"wp-block-spacer\"><\/div>\n\n\n\n<div class=\"wp-block-group\"><div class=\"wp-block-group__inner-container is-layout-flow wp-block-group-is-layout-flow\">\n<div class=\"wp-block-image\"><figure class=\"alignright is-resized\"><img loading=\"lazy\" decoding=\"async\" src=\"https:\/\/i0.wp.com\/minerva.mtak.hu\/wp-content\/uploads\/2020\/05\/google_logo.png?resize=157%2C157\" alt=\"\" width=\"157\" height=\"157\" data-recalc-dims=\"1\" \/><\/figure><\/div>\n\n\n\n<p style=\"background-color:#c2b9a8;color:#000000\" class=\"has-text-color has-background has-text-color has-background has-normal-font-size has-very-dark-gray-color has-vivid-green-cyan-background-color\"><strong>RELEVANCIA<\/strong><br>Az \u00e1ltal\u00e1nos keres\u0151ben is v\u00e1laszthatjuk a speci\u00e1lis keres\u00e9s opci\u00f3t: sz\u0171k\u00edts\u00fcnk f\u00e1jlt\u00edpusra, nyelvre, kapcsoljuk \u00f6ssze a keres\u0151szavakat logikai oper\u00e1torokkal, igyekezz\u00fcnk m\u00e1r a keres\u00e9skor testre szabni, mire vagyunk k\u00edv\u00e1ncsiak. <br><strong>B\u00e1r a Google igyekszik relevancia szerint rendezni a tal\u00e1latokat, ne d\u0151lj\u00fcnk be az els\u0151 n\u00e9h\u00e1ny tal\u00e1latnak.<\/strong><\/p>\n<\/div><\/div>\n\n\n\n<div style=\"height:20px\" aria-hidden=\"true\" class=\"wp-block-spacer\"><\/div>\n\n\n\n<p class=\"has-background has-background has-background has-background has-text-align-left has-text-color has-background has-normal-font-size has-very-dark-gray-color\" style=\"background-color: #e7dcc8;\"><span style=\"color: #000000;\"><strong>REFERENCIA<img loading=\"lazy\" decoding=\"async\" class=\"alignright\" src=\"https:\/\/i0.wp.com\/minerva.mtak.hu\/wp-content\/uploads\/2020\/05\/oxford_logo.png?resize=127%2C152\" alt=\"https:\/\/i0.wp.com\/minerva.mtak.hu\/wp-content\/uploads\/2020\/05\/oxford_logo.png?resize=127%2C152\" width=\"127\" height=\"152\" data-recalc-dims=\"1\" \/><\/strong><\/span><br \/><span style=\"color: #000000;\">Mindig ellen\u0151rizz\u00fck, kinek, melyik int\u00e9zm\u00e9nynek az oldal\u00e1ra ir\u00e1ny\u00edt benn\u00fcnket az \u00e1ltal\u00e1nos keres\u0151motor.<strong> Keress\u00fcnk referenci\u00e1kat, ellen\u0151rizz\u00fck, hogy az adott oldalt kik \u00e9s milyen c\u00e9llal hozt\u00e1k l\u00e9tre, c\u00e9lszer\u0171 megn\u00e9zni az oldal impresszum\u00e1t.<\/strong> Ha ilyet nem tal\u00e1lunk, ink\u00e1bb keresg\u00e9lj\u00fcnk tov\u00e1bb!<\/span><\/p>\n\n\n\n<p class=\"has-background has-normal-font-size\" style=\"background-color: #c2b9a8;\"><span style=\"color: #000000;\"><strong>PROFESSZION\u00c1LIS FORR\u00c1SOK<\/strong><\/span><br \/><span style=\"color: #000000;\"><strong>Ne csak \u00e1ltal\u00e1nos keres\u0151motor(oka)t haszn\u00e1ljunk!<\/strong> A k\u00f6nyvt\u00e1rak rengeteg igen n\u00edv\u00f3s adatb\u00e1zis-szolg\u00e1ltat\u00f3 tudom\u00e1nyos gy\u0171jtem\u00e9nyeit teszik hozz\u00e1f\u00e9rhet\u0151v\u00e9 egy \u00e9ves beiratkoz\u00e1si d\u00edj ellen\u00e9ben, esetleg napid\u00edjjal, s\u0151t, gyakran ak\u00e1r ingyen is. Legy\u00fcnk ig\u00e9nyesek, keress\u00fcnk a dolgozatainkhoz n\u00edv\u00f3s, aktu\u00e1lis szakirodalmat professzion\u00e1lis eszk\u00f6z\u00f6kkel!<\/span><\/p>\n\n\n\n<p><img loading=\"lazy\" decoding=\"async\" class=\"alignright\" title=\"elearningindustry.com\" src=\"https:\/\/i0.wp.com\/minerva.mtak.hu\/wp-content\/uploads\/2020\/05\/plagium-e1589900342108.jpg?resize=130%2C191\" alt=\"elearningindustry.com\" width=\"130\" height=\"191\" data-recalc-dims=\"1\" \/><\/p>\n<p class=\"has-text-color has-background has-normal-font-size has-very-dark-gray-color\" style=\"background-color: #e7dcc8;\"><span style=\"color: #000000;\"><strong>HIVATKOZ\u00c1S<\/strong><\/span><br \/><span style=\"color: #000000;\"><strong>A hivatkoz\u00e1s n\u00e9lk\u00fcli m\u00e1sol\u00e1s pl\u00e1giumnak min\u0151s\u00fcl!<\/strong> Hagyjuk a pl\u00e1giumot, hivatkozzunk az internetes forr\u00e1sokra is korrekt m\u00f3don, el\u0151\u00edr\u00e1sszer\u0171en. Egyr\u00e9szt komolyabb helyeken ma m\u00e1r (\u00e9s egyre ink\u00e1bb) igen j\u00f3 pl\u00e1giumkeres\u0151 szoftvereket alkalmaznak, \u00edgy a lebuk\u00e1s vesz\u00e9lye egyre n\u0151, m\u00e1sr\u00e9szt \u00f6nbecs\u00fcl\u00e9s\u00fcnknek is j\u00f3t tesz egy-egy komoly munk\u00e1val elk\u00e9sz\u00edtett \u00e9s pozit\u00edv \u00e9rt\u00e9kel\u00e9st kapott dolgozat.<\/span><\/p>\n","protected":false},"excerpt":{"rendered":"<p>Arr\u00f3l, hogy milyen szerepet sz\u00e1njunk az internetes forr\u00e1soknak a tudom\u00e1nyos munk\u00e1k, egyetemi dolgozatok elk\u00e9sz\u00edt\u00e9s\u00e9ben, \u00e1ltal\u00e1ban k\u00e9t sz\u00e9ls\u0151s\u00e9ges v\u00e9lem\u00e9nyt ismer\u00fcnk. Nincs&#8230;<\/p>\n","protected":false},"author":2,"featured_media":150,"parent":0,"menu_order":0,"comment_status":"closed","ping_status":"closed","template":"","meta":{"footnotes":""},"aioseo_notices":[],"jetpack_sharing_enabled":true,"jetpack_shortlink":"https:\/\/wp.me\/Pb70B2-7k","_links":{"self":[{"href":"https:\/\/minerva.mtak.hu\/index.php?rest_route=\/wp\/v2\/pages\/454"}],"collection":[{"href":"https:\/\/minerva.mtak.hu\/index.php?rest_route=\/wp\/v2\/pages"}],"about":[{"href":"https:\/\/minerva.mtak.hu\/index.php?rest_route=\/wp\/v2\/types\/page"}],"author":[{"embeddable":true,"href":"https:\/\/minerva.mtak.hu\/index.php?rest_route=\/wp\/v2\/users\/2"}],"replies":[{"embeddable":true,"href":"https:\/\/minerva.mtak.hu\/index.php?rest_route=%2Fwp%2Fv2%2Fcomments&post=454"}],"version-history":[{"count":40,"href":"https:\/\/minerva.mtak.hu\/index.php?rest_route=\/wp\/v2\/pages\/454\/revisions"}],"predecessor-version":[{"id":1482,"href":"https:\/\/minerva.mtak.hu\/index.php?rest_route=\/wp\/v2\/pages\/454\/revisions\/1482"}],"wp:featuredmedia":[{"embeddable":true,"href":"https:\/\/minerva.mtak.hu\/index.php?rest_route=\/wp\/v2\/media\/150"}],"wp:attachment":[{"href":"https:\/\/minerva.mtak.hu\/index.php?rest_route=%2Fwp%2Fv2%2Fmedia&parent=454"}],"curies":[{"name":"wp","href":"https:\/\/api.w.org\/{rel}","templated":true}]}}

Forráskritika &#8211; Honnan (ne) merítsek?

<div style="height:20px" aria-hidden="true" class="wp-block-spacer"></div>



<div class="wp-block-image"><figure class="aligncenter size-large"><a href="https://i0.wp.com/minerva.mtak.hu/wp-content/uploads/2020/05/forraskritika-1.png" target="_blank" rel="noopener noreferrer"><img loading="lazy" decoding="async" width="1587" height="2245" data-attachment-id="1438" data-permalink="https://minerva.mtak.hu/?attachment_id=1438" data-orig-file="https://i0.wp.com/minerva.mtak.hu/wp-content/uploads/2020/05/forraskritika-1.png?fit=1587%2C2245&amp;ssl=1" data-orig-size="1587,2245" data-comments-opened="0" data-image-meta="{&quot;aperture&quot;:&quot;0&quot;,&quot;credit&quot;:&quot;&quot;,&quot;camera&quot;:&quot;&quot;,&quot;caption&quot;:&quot;&quot;,&quot;created_timestamp&quot;:&quot;0&quot;,&quot;copyright&quot;:&quot;&quot;,&quot;focal_length&quot;:&quot;0&quot;,&quot;iso&quot;:&quot;0&quot;,&quot;shutter_speed&quot;:&quot;0&quot;,&quot;title&quot;:&quot;&quot;,&quot;orientation&quot;:&quot;0&quot;}" data-image-title="forraskritika-1" data-image-description="" data-image-caption="" data-medium-file="https://i0.wp.com/minerva.mtak.hu/wp-content/uploads/2020/05/forraskritika-1.png?fit=212%2C300&amp;ssl=1" data-large-file="https://i0.wp.com/minerva.mtak.hu/wp-content/uploads/2020/05/forraskritika-1.png?fit=724%2C1024&amp;ssl=1" src="https://i1.wp.com/minerva.mtak.hu/wp-content/uploads/2020/05/forraskritika-1.png?fit=724%2C1024" alt="" class="wp-image-1438" srcset="https://i0.wp.com/minerva.mtak.hu/wp-content/uploads/2020/05/forraskritika-1.png?w=1587&amp;ssl=1 1587w, https://i0.wp.com/minerva.mtak.hu/wp-content/uploads/2020/05/forraskritika-1.png?resize=212%2C300&amp;ssl=1 212w, https://i0.wp.com/minerva.mtak.hu/wp-content/uploads/2020/05/forraskritika-1.png?resize=724%2C1024&amp;ssl=1 724w, https://i0.wp.com/minerva.mtak.hu/wp-content/uploads/2020/05/forraskritika-1.png?resize=768%2C1086&amp;ssl=1 768w, https://i0.wp.com/minerva.mtak.hu/wp-content/uploads/2020/05/forraskritika-1.png?resize=1086%2C1536&amp;ssl=1 1086w, https://i0.wp.com/minerva.mtak.hu/wp-content/uploads/2020/05/forraskritika-1.png?resize=1448%2C2048&amp;ssl=1 1448w, https://i0.wp.com/minerva.mtak.hu/wp-content/uploads/2020/05/forraskritika-1.png?resize=1064%2C1505&amp;ssl=1 1064w, https://i0.wp.com/minerva.mtak.hu/wp-content/uploads/2020/05/forraskritika-1.png?resize=716%2C1013&amp;ssl=1 716w, https://i0.wp.com/minerva.mtak.hu/wp-content/uploads/2020/05/forraskritika-1.png?resize=480%2C679&amp;ssl=1 480w" sizes="(max-width: 1000px) 100vw, 1000px" /></a></figure></div>



<hr class="wp-block-separator"/>



<p class="has-normal-font-size">Arról, hogy milyen szerepet szánjunk az internetes forrásoknak a tudományos munkák, egyetemi dolgozatok elkészítésében, általában két szélsőséges véleményt ismerünk.</p>



<div style="height:20px" aria-hidden="true" class="wp-block-spacer"></div>



<div class="wp-block-columns is-layout-flex wp-container-core-columns-layout-1 wp-block-columns-is-layout-flex">
<div class="wp-block-column is-layout-flow wp-block-column-is-layout-flow">
<p class="has-text-color has-background has-text-align-left has-normal-font-size has-very-light-gray-color has-vivid-green-cyan-background-color">Nincs már szükség könyvekre, nyomtatott dokumentumokra, hisz minden megtalálható az interneten.&nbsp;</p>
</div>



<div class="wp-block-column is-layout-flow wp-block-column-is-layout-flow">
<p class="has-text-color has-background has-text-align-right has-normal-font-size has-very-light-gray-color has-vivid-cyan-blue-background-color">Az interneten csupa ellenőrizetlen információ lelhető fel, így veszélyes az online források beépítése a tudományos munkákba.</p>
</div>
</div>



<div class="wp-block-group"><div class="wp-block-group__inner-container is-layout-flow wp-block-group-is-layout-flow">
<p class="has-normal-font-size">Az igazság, ahogy lenni szokott, a kettő között van. Az interneten valóban sok az ellenőrizetlen információ, ám számos igen nívós nemzetközi folyóirat teszi itt közzé cikkeit, számos színvonalas kiadó publikál elektronikus könyveket, rengeteg egyetem, illetve más tudományos intézmény üzemeltet értékes, megbízható információkat nyújtó weboldalakat.</p>



<p class="has-normal-font-size">Szemináriumi dolgozatainkat, szakdolgozatainkat jelentősen értékesebbé tehetik a többnyire könyvtárakban elérhető előfizetéses adatbázisokban található külföldi szakcikkek megfelelően hivatkozott gondolatai, a tudományos publikációknak pedig elengedhetetlen tartozéka az idegen nyelvű kurrens szakirodalom eredményeinek beépítése.</p>



<p class="has-normal-font-size">Az előfizetéses adatbázisok megismerésében, használatában a könyvtárakban a tájékoztató szolgálat segíthet.</p>



<hr class="wp-block-separator"/>



<p class="has-normal-font-size"><strong>Fontos alapelvek az internetes források felhasználásához:</strong></p>
</div></div>



<div style="height:20px" aria-hidden="true" class="wp-block-spacer"></div>



<div class="wp-block-group"><div class="wp-block-group__inner-container is-layout-flow wp-block-group-is-layout-flow">
<div class="wp-block-image"><figure class="alignright is-resized"><img loading="lazy" decoding="async" src="https://i0.wp.com/minerva.mtak.hu/wp-content/uploads/2020/05/google_logo.png?resize=157%2C157" alt="" width="157" height="157" data-recalc-dims="1" /></figure></div>



<p style="background-color:#c2b9a8;color:#000000" class="has-text-color has-background has-text-color has-background has-normal-font-size has-very-dark-gray-color has-vivid-green-cyan-background-color"><strong>RELEVANCIA</strong><br>Az általános keresőben is választhatjuk a speciális keresés opciót: szűkítsünk fájltípusra, nyelvre, kapcsoljuk össze a keresőszavakat logikai operátorokkal, igyekezzünk már a kereséskor testre szabni, mire vagyunk kíváncsiak. <br><strong>Bár a Google igyekszik relevancia szerint rendezni a találatokat, ne dőljünk be az első néhány találatnak.</strong></p>
</div></div>



<div style="height:20px" aria-hidden="true" class="wp-block-spacer"></div>



<p class="has-background has-background has-background has-background has-text-align-left has-text-color has-background has-normal-font-size has-very-dark-gray-color" style="background-color: #e7dcc8;"><span style="color: #000000;"><strong>REFERENCIA<img loading="lazy" decoding="async" class="alignright" src="https://i0.wp.com/minerva.mtak.hu/wp-content/uploads/2020/05/oxford_logo.png?resize=127%2C152" alt="https://i0.wp.com/minerva.mtak.hu/wp-content/uploads/2020/05/oxford_logo.png?resize=127%2C152" width="127" height="152" data-recalc-dims="1" /></strong></span><br /><span style="color: #000000;">Mindig ellenőrizzük, kinek, melyik intézménynek az oldalára irányít bennünket az általános keresőmotor.<strong> Keressünk referenciákat, ellenőrizzük, hogy az adott oldalt kik és milyen céllal hozták létre, célszerű megnézni az oldal impresszumát.</strong> Ha ilyet nem találunk, inkább keresgéljünk tovább!</span></p>



<p class="has-background has-normal-font-size" style="background-color: #c2b9a8;"><span style="color: #000000;"><strong>PROFESSZIONÁLIS FORRÁSOK</strong></span><br /><span style="color: #000000;"><strong>Ne csak általános keresőmotor(oka)t használjunk!</strong> A könyvtárak rengeteg igen nívós adatbázis-szolgáltató tudományos gyűjteményeit teszik hozzáférhetővé egy éves beiratkozási díj ellenében, esetleg napidíjjal, sőt, gyakran akár ingyen is. Legyünk igényesek, keressünk a dolgozatainkhoz nívós, aktuális szakirodalmat professzionális eszközökkel!</span></p>



<p><img loading="lazy" decoding="async" class="alignright" title="elearningindustry.com" src="https://i0.wp.com/minerva.mtak.hu/wp-content/uploads/2020/05/plagium-e1589900342108.jpg?resize=130%2C191" alt="elearningindustry.com" width="130" height="191" data-recalc-dims="1" /></p>
<p class="has-text-color has-background has-normal-font-size has-very-dark-gray-color" style="background-color: #e7dcc8;"><span style="color: #000000;"><strong>HIVATKOZÁS</strong></span><br /><span style="color: #000000;"><strong>A hivatkozás nélküli másolás plágiumnak minősül!</strong> Hagyjuk a plágiumot, hivatkozzunk az internetes forrásokra is korrekt módon, előírásszerűen. Egyrészt komolyabb helyeken ma már (és egyre inkább) igen jó plágiumkereső szoftvereket alkalmaznak, így a lebukás veszélye egyre nő, másrészt önbecsülésünknek is jót tesz egy-egy komoly munkával elkészített és pozitív értékelést kapott dolgozat.</span></p>

<p>Arról, hogy milyen szerepet szánjunk az internetes forrásoknak a tudományos munkák, egyetemi dolgozatok elkészítésében, általában két szélsőséges véleményt ismerünk. Nincs&#8230;</p>
