{"id":1815,"date":"2025-08-26T12:54:51","date_gmt":"2025-08-26T10:54:51","guid":{"rendered":"https:\/\/minerva.mtak.hu\/?page_id=1815"},"modified":"2025-09-01T14:34:55","modified_gmt":"2025-09-01T12:34:55","slug":"utmutatok","status":"publish","type":"page","link":"https:\/\/minerva.mtak.hu\/?page_id=1815","title":{"rendered":"\u00datmutat\u00f3k"},"content":{"rendered":"\n\n\n<p>Seg\u00e9dletek az \u00faj ALMA alap\u00fa metakatal\u00f3gus kezel\u00e9s\u00e9hez.<\/p>\n\n\n\n<figure class=\"wp-block-gallery aligncenter has-nested-images columns-default is-cropped wp-block-gallery-1 is-layout-flex wp-block-gallery-is-layout-flex\">\n<figure class=\"wp-block-image size-large\"><a href=\"http:\/\/minerva.mtak.hu\/wp-content\/uploads\/2025\/09\/PRIMO-online-keres-nyomtatott.pdf\"><img loading=\"lazy\" decoding=\"async\" width=\"1024\" height=\"537\" data-attachment-id=\"990\" data-permalink=\"https:\/\/minerva.mtak.hu\/?attachment_id=990\" data-orig-file=\"https:\/\/i0.wp.com\/minerva.mtak.hu\/wp-content\/uploads\/2020\/04\/OA_FB.jpg?fit=1998%2C1048&amp;ssl=1\" data-orig-size=\"1998,1048\" data-comments-opened=\"0\" data-image-meta=\"{&quot;aperture&quot;:&quot;0&quot;,&quot;credit&quot;:&quot;&quot;,&quot;camera&quot;:&quot;&quot;,&quot;caption&quot;:&quot;&quot;,&quot;created_timestamp&quot;:&quot;0&quot;,&quot;copyright&quot;:&quot;&quot;,&quot;focal_length&quot;:&quot;0&quot;,&quot;iso&quot;:&quot;0&quot;,&quot;shutter_speed&quot;:&quot;0&quot;,&quot;title&quot;:&quot;&quot;,&quot;orientation&quot;:&quot;0&quot;}\" data-image-title=\"OA_FB\" data-image-description=\"\" data-image-caption=\"&lt;p&gt;Hogyan k\u00e9rj\u00fcnk fel dokumentumokat?&lt;\/p&gt;\n\" data-medium-file=\"https:\/\/i0.wp.com\/minerva.mtak.hu\/wp-content\/uploads\/2020\/04\/OA_FB.jpg?fit=300%2C157&amp;ssl=1\" data-large-file=\"https:\/\/i0.wp.com\/minerva.mtak.hu\/wp-content\/uploads\/2020\/04\/OA_FB.jpg?fit=1024%2C537&amp;ssl=1\" data-id=\"990\" src=\"https:\/\/i0.wp.com\/minerva.mtak.hu\/wp-content\/uploads\/2020\/04\/OA_FB-1024x537.jpg?resize=1024%2C537&#038;ssl=1\" alt=\"\" class=\"wp-image-990\" srcset=\"https:\/\/i0.wp.com\/minerva.mtak.hu\/wp-content\/uploads\/2020\/04\/OA_FB.jpg?resize=1024%2C537&amp;ssl=1 1024w, https:\/\/i0.wp.com\/minerva.mtak.hu\/wp-content\/uploads\/2020\/04\/OA_FB.jpg?resize=300%2C157&amp;ssl=1 300w, https:\/\/i0.wp.com\/minerva.mtak.hu\/wp-content\/uploads\/2020\/04\/OA_FB.jpg?resize=768%2C403&amp;ssl=1 768w, https:\/\/i0.wp.com\/minerva.mtak.hu\/wp-content\/uploads\/2020\/04\/OA_FB.jpg?resize=1536%2C806&amp;ssl=1 1536w, https:\/\/i0.wp.com\/minerva.mtak.hu\/wp-content\/uploads\/2020\/04\/OA_FB.jpg?resize=1064%2C558&amp;ssl=1 1064w, https:\/\/i0.wp.com\/minerva.mtak.hu\/wp-content\/uploads\/2020\/04\/OA_FB.jpg?resize=716%2C376&amp;ssl=1 716w, https:\/\/i0.wp.com\/minerva.mtak.hu\/wp-content\/uploads\/2020\/04\/OA_FB.jpg?resize=480%2C252&amp;ssl=1 480w, https:\/\/i0.wp.com\/minerva.mtak.hu\/wp-content\/uploads\/2020\/04\/OA_FB.jpg?w=1998&amp;ssl=1 1998w\" sizes=\"(max-width: 1000px) 100vw, 1000px\" data-recalc-dims=\"1\" \/><\/a><figcaption class=\"wp-element-caption\"><strong><mark style=\"background-color:rgba(0, 0, 0, 0)\" class=\"has-inline-color has-white-color\">Hogyan k\u00e9rj\u00fcnk fel dokumentumokat a rakt\u00e1rb\u00f3l?<\/mark><\/strong><\/figcaption><\/figure>\n\n\n\n<figure class=\"wp-block-image size-full\"><a href=\"http:\/\/minerva.mtak.hu\/wp-content\/uploads\/2025\/09\/Mi-az-eduID.pdf\"><img loading=\"lazy\" decoding=\"async\" width=\"300\" height=\"147\" data-attachment-id=\"1833\" data-permalink=\"https:\/\/minerva.mtak.hu\/?attachment_id=1833\" data-orig-file=\"https:\/\/i0.wp.com\/minerva.mtak.hu\/wp-content\/uploads\/2025\/09\/eduID_logo-300dpi.jpg?fit=300%2C147&amp;ssl=1\" data-orig-size=\"300,147\" data-comments-opened=\"0\" data-image-meta=\"{&quot;aperture&quot;:&quot;0&quot;,&quot;credit&quot;:&quot;Melle de Winter&quot;,&quot;camera&quot;:&quot;&quot;,&quot;caption&quot;:&quot;&quot;,&quot;created_timestamp&quot;:&quot;1593173758&quot;,&quot;copyright&quot;:&quot;&quot;,&quot;focal_length&quot;:&quot;0&quot;,&quot;iso&quot;:&quot;0&quot;,&quot;shutter_speed&quot;:&quot;0&quot;,&quot;title&quot;:&quot;&quot;,&quot;orientation&quot;:&quot;1&quot;}\" data-image-title=\"eduID_logo-300dpi\" data-image-description=\"\" data-image-caption=\"\" data-medium-file=\"https:\/\/i0.wp.com\/minerva.mtak.hu\/wp-content\/uploads\/2025\/09\/eduID_logo-300dpi.jpg?fit=300%2C147&amp;ssl=1\" data-large-file=\"https:\/\/i0.wp.com\/minerva.mtak.hu\/wp-content\/uploads\/2025\/09\/eduID_logo-300dpi.jpg?fit=300%2C147&amp;ssl=1\" data-id=\"1833\" src=\"https:\/\/i0.wp.com\/minerva.mtak.hu\/wp-content\/uploads\/2025\/09\/eduID_logo-300dpi.jpg?resize=300%2C147\" alt=\"\" class=\"wp-image-1833\" data-recalc-dims=\"1\"\/><\/a><figcaption class=\"wp-element-caption\"><strong><mark style=\"background-color:rgba(0, 0, 0, 0)\" class=\"has-inline-color has-white-color\">Adatb\u00e1zisok t\u00e1voli el\u00e9r\u00e9se<\/mark><\/strong><\/figcaption><\/figure>\n\n\n\n<figure class=\"wp-block-image size-large\"><img loading=\"lazy\" decoding=\"async\" width=\"686\" height=\"386\" data-attachment-id=\"1818\" data-permalink=\"https:\/\/minerva.mtak.hu\/?attachment_id=1818\" data-orig-file=\"https:\/\/i0.wp.com\/minerva.mtak.hu\/wp-content\/uploads\/2025\/08\/primo_cover.jpg?fit=686%2C386&amp;ssl=1\" data-orig-size=\"686,386\" data-comments-opened=\"0\" data-image-meta=\"{&quot;aperture&quot;:&quot;0&quot;,&quot;credit&quot;:&quot;&quot;,&quot;camera&quot;:&quot;&quot;,&quot;caption&quot;:&quot;&quot;,&quot;created_timestamp&quot;:&quot;0&quot;,&quot;copyright&quot;:&quot;&quot;,&quot;focal_length&quot;:&quot;0&quot;,&quot;iso&quot;:&quot;0&quot;,&quot;shutter_speed&quot;:&quot;0&quot;,&quot;title&quot;:&quot;&quot;,&quot;orientation&quot;:&quot;0&quot;}\" data-image-title=\"primo_cover\" data-image-description=\"\" data-image-caption=\"&lt;p&gt;Keres\u00e9s az \u00daJ metakatal\u00f3gusban&lt;\/p&gt;\n\" data-medium-file=\"https:\/\/i0.wp.com\/minerva.mtak.hu\/wp-content\/uploads\/2025\/08\/primo_cover.jpg?fit=300%2C169&amp;ssl=1\" data-large-file=\"https:\/\/i0.wp.com\/minerva.mtak.hu\/wp-content\/uploads\/2025\/08\/primo_cover.jpg?fit=686%2C386&amp;ssl=1\" data-id=\"1818\" src=\"https:\/\/i0.wp.com\/minerva.mtak.hu\/wp-content\/uploads\/2025\/08\/primo_cover.jpg?resize=686%2C386&#038;ssl=1\" alt=\"\" class=\"wp-image-1818\" srcset=\"https:\/\/i0.wp.com\/minerva.mtak.hu\/wp-content\/uploads\/2025\/08\/primo_cover.jpg?w=686&amp;ssl=1 686w, https:\/\/i0.wp.com\/minerva.mtak.hu\/wp-content\/uploads\/2025\/08\/primo_cover.jpg?resize=300%2C169&amp;ssl=1 300w, https:\/\/i0.wp.com\/minerva.mtak.hu\/wp-content\/uploads\/2025\/08\/primo_cover.jpg?resize=480%2C270&amp;ssl=1 480w\" sizes=\"(max-width: 686px) 100vw, 686px\" data-recalc-dims=\"1\" \/><figcaption class=\"wp-element-caption\"><strong>Keres\u00e9s az \u00daJ metakatal\u00f3gusban<\/strong> &#8211; folyamatban&#8230;<\/figcaption><\/figure>\n<\/figure>\n","protected":false},"excerpt":{"rendered":"<p>Seg\u00e9dletek az \u00faj ALMA alap\u00fa metakatal\u00f3gus kezel\u00e9s\u00e9hez.<\/p>\n","protected":false},"author":2,"featured_media":0,"parent":0,"menu_order":0,"comment_status":"closed","ping_status":"closed","template":"","meta":{"footnotes":""},"aioseo_notices":[],"jetpack_sharing_enabled":true,"jetpack_shortlink":"https:\/\/wp.me\/Pb70B2-th","_links":{"self":[{"href":"https:\/\/minerva.mtak.hu\/index.php?rest_route=\/wp\/v2\/pages\/1815"}],"collection":[{"href":"https:\/\/minerva.mtak.hu\/index.php?rest_route=\/wp\/v2\/pages"}],"about":[{"href":"https:\/\/minerva.mtak.hu\/index.php?rest_route=\/wp\/v2\/types\/page"}],"author":[{"embeddable":true,"href":"https:\/\/minerva.mtak.hu\/index.php?rest_route=\/wp\/v2\/users\/2"}],"replies":[{"embeddable":true,"href":"https:\/\/minerva.mtak.hu\/index.php?rest_route=%2Fwp%2Fv2%2Fcomments&post=1815"}],"version-history":[{"count":12,"href":"https:\/\/minerva.mtak.hu\/index.php?rest_route=\/wp\/v2\/pages\/1815\/revisions"}],"predecessor-version":[{"id":1844,"href":"https:\/\/minerva.mtak.hu\/index.php?rest_route=\/wp\/v2\/pages\/1815\/revisions\/1844"}],"wp:attachment":[{"href":"https:\/\/minerva.mtak.hu\/index.php?rest_route=%2Fwp%2Fv2%2Fmedia&parent=1815"}],"curies":[{"name":"wp","href":"https:\/\/api.w.org\/{rel}","templated":true}]}}